 Let f(d) = -2*d + 2. Determine f(c).
-8
Let a = -97 - -81. Let q be ((-93)/62)/((-3)/a). Let b(v) = v**2 + 5*v - 12. Give b(q).
12
Let x = 21 + -21. Suppose -22 = -11*y - x. Let q(b) = -b**3 + 7*b**2 + 2. Let l(h) = -h**3 + 8*h**2 + h + 2. Let f(i) = -4*l(i) + 5*q(i). Calculate f(y).
-2
Let z(w) = w**2 - 3*w - 5. Let n(p) = 26*p**3 - 2*p**2 - 2*p. Let t be n(-1). Let o = t + 29. What is z(o)?
-5
Let q(u) = -u - 4. Let y be q(2). Let w be ((-2)/y)/(9/162). Let k(o) = -1 + w*o - 2*o - 3*o. Determine k(-5).
-6
Suppose 10*z + 3 = 13*z. Let r(g) = -4*g**2 + z - g**2 + 769*g - 767*g. What is r(2)?
-15
Let q(v) = 6 + 10*v - 15 + 6*v**2 - 7*v - v**3 + 2 - 1. Determine q(6).
10
Let y(p) be the second derivative of p**6/120 + p**5/10 - 7*p**4/24 - p**3 + 103*p**2/2 - 92*p. Let r(d) be the first derivative of y(d). What is r(-7)?
-6
Let r(f) = 2*f - 1. Let l(i) = -16*i + 11. Let x(h) = l(h) + 4*r(h). Let j(w) = 2*w + 1. Let z(g) = 3*j(g) + x(g). Calculate z(7).
-4
Let c(u) = -u**3 + 4*u**2 + u - 1. Suppose -71*w + j - 11 = -72*w, 0 = -w + j - 3. What is c(w)?
3
Suppose -4*h - d = -0*d + 13, 2*h = -d - 5. Let b = -77 - -83. Let r(w) = -4*w**2 + b*w**2 - 3*w**2 - 7*w. Determine r(h).
12
Let a(w) = -2*w**3 + 3*w**2 - 3*w - 3. Let d = -814 - -799. Let i be 4/(((-12)/d)/(30/50)). Give a(i).
-39
Let s(o) = -2*o**2 + 11*o - 16. Let r(n) = -n**2 + 3*n. Let b(a) = -3*r(a) + s(a). What is b(8)?
64
Let v be (36/(-15))/2*5. Let b(u) be the second derivative of 1/12*u**4 + 3/2*u**2 + 0 + 166*u + u**3. Determine b(v).
3
Let b(f) = 5*f - 4*f**2 + 3 - 8*f - 2 + 2*f. Let v be (-30 + 27)/(((-9)/2)/3). Calculate b(v).
-17
Let d be (0 - 8/16)*(-4)/2. Suppose -3*a + d = 3*n - 2*n, 0 = n + a + 3. Let x(k) = k + 15. Calculate x(n).
10
Let h = 530 - 502. Suppose 22*w - 30 = h*w. Let i(j) = -j**2 - j + 5. Determine i(w).
-15
Let s = -25 - -42. Suppose -4*f + s = -3, 2*b + 3*f = -31. Let q = b + 19. Let d(t) = t**3 + 5*t**2 + 2*t - 4. Give d(q).
4
Let j(o) = 2*o - 7. Let i(s) = -s**3 + 5*s**2 + 19*s - 87. Let c be i(4). Give j(c).
3
Suppose 2308 - 746 = 71*o. Let a(h) be the first derivative of -h + 1/2*h**2 - o. Calculate a(5).
4
Let p(m) = -35*m. Let y(k) = -252*k - 31. Let z(t) = 7*p(t) - y(t). Give z(-5).
-4
Suppose p - x - 9 = 0, 29*x - 6 = 31*x. Let a(s) = -s**2 - s - 4. Give a(p).
-46
Let h = 4770 + -4761. Let a(t) = -t**2 + 2*t + 46. Determine a(h).
-17
Let n be (-9)/(-12) + (-1)/(-4). Let r(d) = -4*d**2 - n - 23*d + 15*d + 5*d. What is r(-2)?
-11
Let o(y) = -15*y**3 - y**2 + 16*y - 15. Let p(u) = 17*u**3 + 2*u**2 - 18*u + 17. Let j(k) = -7*o(k) - 6*p(k). Calculate j(-2).
-33
Let r(l) = -4*l**3 + l**2. Suppose -54*k - 58 = -328. Let a(m) = -m**3 + 5*m**2 - 4*m. Let g be a(3). Suppose s - k = g*s. Calculate r(s).
5
Let m be 5*(4 - (-9)/(-3)). Let t(p) = -p**2 - 23*p - 58. Let k be t(-20). Let g(f) = -56*f**2 - 5*f - 55*f**k + 112*f**2 - 7 + 3*f. Determine g(m).
8
Let t(a) = -2*a - 3. Suppose 101 = 5*j + 251. Let f = -23 - j. Suppose 5*n - r + 35 = 0, -5*n - 4*r - f = 3. Calculate t(n).
9
Let w(h) be the first derivative of h**4/4 - 11*h**3/3 - 7*h**2/2 + 13*h + 655. Calculate w(11).
-64
Suppose -4*v + 6*j + 34 = 0, 0 = v + 11*j - 10*j - 1. Let g(w) = -w**3 + 4*w**2 - 1. Determine g(v).
-1
Let p(o) = o + 1. Let q(s) = 3. Let v(u) = p(u) + q(u). Let w = -13 - -2. Let x = w + 3. What is v(x)?
-4
Let p = 340 + -337. Let l(i) = -4*i - 890*i**3 + 3 + i**2 + 892*i**p - 4*i**2. What is l(3)?
18
Let m = 78 + -74. Suppose a + 13 = 5*g, -m*a - 3 = -3*a. Let n be g*(-3)/(-18)*21. Let p(w) = -w + 6. Calculate p(n).
-1
Let t(d) = 3*d - 2. Let m(j) = -9*j + 31. Suppose -3*u - 5*r + 7 = 2, 0 = 5*u + r - 23. Let f be m(u). Let p = f - -18. Calculate t(p).
10
Let b(x) = -x**3 + 10*x**2 + 10*x + 14. Let r be 0 - -7 - 72/(432/(-24)). Determine b(r).
3
Let v(k) = -778 + 274 - 18*k + 227 - 9*k + 205. Give v(-3).
9
Suppose -13*m = -0*m - 2002. Let t = m + -159. Let p(n) be the second derivative of n**5/20 + 5*n**4/12 - 2*n**2 + 16*n. What is p(t)?
-4
Let a = 29212 - 29221. Let m(r) = 6 + 7 + r**2 - 5 + 7*r. What is m(a)?
26
Suppose c = -t, -29*t = -28*t + 3*c - 12. Let f(u) = -34*u - 210. Determine f(t).
-6
Let o = 403 + -403. Suppose 5*k - 5*y = -35, o = 2*k + 13*y - 9*y + 14. Let z(u) = u**2 + 3*u - 17. Calculate z(k).
11
Let s(w) = -w**3 + 4*w**2 - 3. Suppose 29*n - 16 = 28*n. Let o be (4 - n/2) + 8. What is s(o)?
-3
Let x(s) be the third derivative of -s**5/60 - s**3/6 + 6*s**2. Let n be 6/18*(-207)/(-23). Calculate x(n).
-10
Suppose -35 = 2*t + 3*r - 22, t - r + 4 = 0. Let i(z) be the first derivative of -1/4*z**4 - 3 - 4/3*z**3 + 2*z**2 + 2*z. Calculate i(t).
7
Let j(t) = t + 12. Let f = 17377 - 17392. Calculate j(f).
-3
Let p(j) = j**2 - 4*j + 4. Let s = -134 + 143. Suppose -s = -3*r - c, 2*r - 4*c + c - 6 = 0. Give p(r).
1
Let r be 10 + 1089/(-110) + 72/80. Let n(c) = 21*c**2 + 2*c - 6. Let l(z) = 1. Let m(f) = 5*l(f) + n(f). Calculate m(r).
22
Let y(n) = n**3 - 5*n**2 + n - 4*n - 6 - 2*n**3. Let i(c) = -c**3 - 16*c**2 + 27*c - 10. Let k be i(-18). Let h = -157 + k. Give y(h).
9
Let f(h) = 5*h**2 + 8*h. Let v(d) = -2*d**2 + d - 1. Let y(s) = f(s) + 2*v(s). Let z be y(-11). Let n(r) = -r**3 + 10*r**2 - 8*r - 10. What is n(z)?
-1
Suppose 8*y - 9*y = -4*r, 2*y - 2*r = 0. Let v(d) = 12352*d + 0 + y - 12350*d. Determine v(0).
0
Let v(m) be the second derivative of -m**5/20 - 11*m**4/4 + 49*m**3/2 - 43*m**2/2 + 2904*m + 2. Calculate v(-37).
-6
Let l(n) = -n**3 + 2*n**2 + 26*n - 5. Let p be l(6). Let w(f) = -8 + 9*f - 6 + f**2 + f**2 - 3*f**2. Determine w(p).
0
Let h(b) = -8*b**3 + 5*b**2 - b + 1. Let u = -2076 - -2078. What is h(u)?
-45
Let o(f) be the first derivative of f**4/2 + 4*f**3 - f**2 + 3*f - 479. Determine o(-6).
15
Let v(t) = 2*t - 6. Let f(y) = -7 + 2 - 6 + 3*y + y. Let u(l) = 3*f(l) - 5*v(l). Suppose -52*x + 49*x = -3, -11 = c - 5*x. Determine u(c).
-15
Let f(l) = -31*l + 10*l**2 - 57*l + l**3 - 54 + 73*l. Determine f(-11).
-10
Let x(i) = 19*i**2 - 5*i - 5. Let b(o) = -10*o**2 + 2*o + 2. Suppose 0 = 5*l - 2*n + 14 + 53, 4*n = -2*l - 46. Let t(g) = l*b(g) - 6*x(g). Give t(-1).
36
Let v be 4/(-20) - (-32)/10. Let w(i) = 17 + 8*i + 20 + 4*i**2 - 62 + 8 - v*i**2. Give w(-9).
-8
Suppose -3 - 3 = -x. Suppose -4*m + 24 = -d + 5*d, -2*m + x = -d. Suppose -o + m = -1. Let z(u) = -2*u + 3. What is z(o)?
-7
Suppose -6 = -3*o, -370 = 2*l + o - 1148. Let b = l - 383. Let m(p) = -p**2. Let k(z) = z**3 + 2*z**2 - 5*z. Let a(w) = k(w) + 6*m(w). What is a(b)?
0
Let b be (-795)/(-12) + 0 - (-2)/(-8). Suppose -b = -6*t - 5*t. Let f(j) = 1 - t - j + 6 + 8. Give f(4).
5
Let b(p) be the first derivative of -p**4/4 - 2*p**3 + 15*p**2 + 35*p + 497. Determine b(-9).
8
Let a be 8 + (-9 - 29) + -7. Let d(i) = -i**2 - 33*i + 152. Determine d(a).
4
Let r be (-72)/(-30) - ((-8)/5)/(-4). Let x(g) = 16 + 6 - 3*g - r*g**2 - 21. Determine x(3).
-26
Let z(h) = -h**2 + 5 + 20*h - 20*h. Suppose -6*y + 7 = -17. Suppose 4*j + 4 = -j + 2*p, -y = -2*p. Determine z(j).
5
Let p(k) = k**3 - 4*k**2 - 17*k + 43. Let a be p(6). Let l(g) be the third derivative of -a*g**2 - 1/24*g**4 + 0*g**3 + 0*g + 0. Calculate l(2).
-2
Let b be ((-1812)/755)/((-4)/(-10)). Let h(r) = r**2 + 3*r + 1. What is h(b)?
19
Let t(g) be the second derivative of -g**4/4 - 4*g**3 - 4*g**2 + 5*g. Let u be t(-7). Let v(r) = r - 4 - 9 + u. Determine v(-2).
-2
Let n = 5 - 3. Let o(x) = n + 8*x - 1 + 2. Let g = -17130 + 17128. Give o(g).
-13
Let p(d) = -8788 + 9*d**2 - 28*d + 8789 - 2*d**3 + 20*d. Give p(1).
0
Let d(l) = -4*l - 3. Let r(x) = 3*x + 4. Let p(q) = -4*d(q) - 3*r(q). Let v(w) = 1295*w + 1. Let k be v(0). Determine p(k).
7
Let v be -1*(-2)/(-9)*-36. Let t(o) be the second derivative of -o**4/12 + 5*o**3/6 + 36*o - 2. Determine t(v).
-24
Let a = -285 - -291. Let u(x) = 2*x**2 - 8*x + 4. Calculate u(a).
28
Let a(d) = -292 - 40*d + 1106 - 344 + d**2 - 376. Give a(38).
18
Let p(a) = a - 1. Let t(l) = l**3 + 11*l**2 - 12*l - 6. Let o be t(-12). Let q(k) = 5*k - 13. Let y(i) = o*p(i) + q(i). Let r = 3453 + -3461. What is y(r)?
1
Suppose 8*j - 4*l = 3*j + 16, -2*j = -4*l - 16. Suppose -4 = -j*a - a. Suppose x - 5*r - 9 = 0, r = -x + a*x + 15. Let b(u) = -u**2 - 4*u + 5. What is b(x)?
-7
Suppose 0 = 5*u + 5*f - 5, -2 - 2 = -4*u + 2*f. Let s(k) = 2*